he greatest common divisor of 177 and 432?
3
What is the highest common divisor of 150 and 3959050?
50
What is the greatest common factor of 212 and 233836?
212
Calculate the highest common divisor of 44179 and 5.
1
Calculate the highest common factor of 633 and 31439.
211
What is the greatest common factor of 34635 and 1020?
15
Calculate the greatest common factor of 238 and 21182.
238
What is the greatest common factor of 258956 and 41?
41
What is the highest common divisor of 202 and 243713?
101
Calculate the highest common divisor of 1071 and 38241.
63
Calculate the greatest common divisor of 380 and 154774.
38
What is the greatest common divisor of 6 and 1068450?
6
Calculate the highest common divisor of 1122 and 574860.
66
What is the greatest common factor of 9040 and 440?
40
What is the greatest common factor of 552402 and 18?
18
What is the highest common factor of 14876 and 8?
4
Calculate the greatest common factor of 115 and 249297.
23
Calculate the greatest common divisor of 272744 and 3296.
824
What is the greatest common factor of 9 and 2352?
3
What is the greatest common divisor of 9 and 164898?
9
Calculate the highest common divisor of 2 and 569370.
2
What is the highest common divisor of 193712 and 32?
16
Calculate the highest common divisor of 42855 and 375.
15
Calculate the highest common divisor of 75610 and 3790.
10
What is the greatest common divisor of 938 and 71946?
14
Calculate the greatest common divisor of 413746 and 43.
43
What is the highest common factor of 28 and 83160?
28
Calculate the greatest common divisor of 32970 and 168.
42
Calculate the highest common divisor of 3380 and 9815.
65
What is the greatest common divisor of 744 and 113736?
24
What is the greatest common divisor of 112 and 39184?
16
Calculate the greatest common divisor of 619 and 2974295.
619
What is the greatest common factor of 145700 and 868?
124
What is the highest common factor of 779 and 618649?
41
Calculate the highest common divisor of 81 and 3411.
9
What is the highest common divisor of 915 and 3441010?
305
What is the greatest common divisor of 119 and 1442?
7
Calculate the highest common divisor of 50248 and 462.
22
What is the highest common divisor of 25686 and 144?
18
What is the greatest common factor of 3219 and 267251?
37
What is the greatest common divisor of 1273870 and 3346?
478
Calculate the highest common divisor of 20774 and 6298.
94
What is the greatest common divisor of 248830 and 298?
298
Calculate the greatest common factor of 76 and 2224.
4
Calculate the highest common divisor of 44724 and 12.
12
Calculate the greatest common divisor of 1230 and 2420.
10
What is the highest common factor of 2 and 3662?
2
Calculate the greatest common divisor of 61380 and 36.
36
Calculate the highest common factor of 869 and 484.
11
Calculate the greatest common factor of 832 and 29536.
416
Calculate the greatest common factor of 22986 and 10.
2
Calculate the greatest common factor of 21440 and 40.
40
Calculate the greatest common divisor of 69004 and 156.
52
What is the greatest common divisor of 120 and 51720?
120
What is the highest common divisor of 155100 and 33900?
300
What is the highest common factor of 131096 and 56?
56
What is the highest common factor of 371792 and 8?
8
What is the greatest common divisor of 81055 and 13?
13
What is the greatest common factor of 1526 and 238?
14
What is the greatest common factor of 3875 and 248?
31
Calculate the greatest common factor of 630352 and 32.
16
Calculate the highest common factor of 328 and 15908.
164
Calculate the greatest common factor of 24640 and 112.
112
What is the greatest common divisor of 1649 and 13774?
97
Calculate the highest common factor of 15419 and 34.
17
Calculate the highest common divisor of 7960 and 4540.
20
What is the greatest common divisor of 110 and 258115?
55
Calculate the highest common factor of 852 and 158259.
213
What is the highest common divisor of 1127933 and 6172?
1543
Calculate the greatest common divisor of 488019 and 357.
357
Calculate the greatest common divisor of 14442 and 33408.
174
What is the highest common factor of 24401 and 39?
13
What is the highest common factor of 634 and 5131279?
317
Calculate the highest common factor of 18142 and 23932.
386
Calculate the highest common divisor of 384 and 39852.
12
Calculate the highest common divisor of 163728 and 3.
3
What is the greatest common divisor of 1216 and 20558?
38
Calculate the greatest common factor of 212172 and 204.
12
Calculate the greatest common factor of 215603 and 149.
149
Calculate the highest common factor of 1457 and 1175.
47
What is the highest common factor of 1554156 and 828?
828
Calculate the greatest common divisor of 45 and 47715.
15
What is the greatest common factor of 10349 and 11266?
131
What is the greatest common factor of 156 and 218036?
52
What is the highest common divisor of 15 and 202790?
5
What is the greatest common factor of 27 and 81297?
27
What is the highest common factor of 984 and 1755456?
984
What is the highest common factor of 206762 and 536?
134
What is the highest common divisor of 8568 and 99756?
612
Calculate the highest common factor of 60 and 31956.
12
What is the greatest common divisor of 10122 and 6?
6
What is the highest common factor of 102477 and 6?
3
What is the highest common factor of 40 and 270?
10
What is the highest common divisor of 883 and 24822013?
883
What is the highest common divisor of 752420 and 170?
170
What is the greatest common factor of 185372 and 24?
4
Calculate the greatest common divisor of 13800 and 49350.
150
Calculate the greatest common factor of 16 and 68044.
4
Calculate the highest common factor of 30 and 152190.
30
Calculate the highest common factor of 119 and 437563.
119
Calculate the highest common divisor of 7040 and 448.
64
Calculate the highest common divisor of 1473132 and 8.
4
What is the greatest common divisor of 1616 and 119180?
404
What is the greatest common factor of 8064 and 42?
42
Calculate the greatest common divisor of 288381 and 12883.
991
Calculate the highest common factor of 212 and 265.
53
Calculate the greatest common divisor of 7176 and 182.
26
Calculate the highest common divisor of 3003 and 43186.
143
Calculate the greatest common divisor of 208 and 39440.
16
What is the highest common divisor of 938 and 9581?
67
Calculate the greatest common divisor of 31270 and 2183.
59
What is the greatest common factor of 6929 and 9971?
169
What is the highest common factor of 66 and 762?
6
Calculate the greatest common divisor of 9 and 7083.
9
What is the greatest common factor of 81 and 21654?
27
Calculate the highest common divisor of 447 and 93125.
149
What is the highest common factor of 30 and 2079492?
6
Calculate the greatest common factor of 165 and 37367.
11
Calculate the highest common factor of 216524 and 220.
44
Calculate the highest common divisor of 726 and 600.
6
What is the greatest common factor of 34918 and 104?
26
Calculate the highest common divisor of 26 and 28873.
13
Calculate the greatest common divisor of 2 and 5483.
1
Calculate the greatest common factor of 69 and 3147.
3
What is the highest common divisor of 114647 and 104?
13
What is the highest common factor of 1926278 and 62?
62
Calculate the greatest common factor of 1590446 and 737.
737
What is the greatest common factor of 3938649 and 117?
39
What is the highest common divisor of 8 and 190984?
8
What is the highest common divisor of 650 and 31050?
50
Calculate the greatest common factor of 2338 and 57281.
1169
Calculate the highest common factor of 3240 and 96552.
648
Calculate the greatest common factor of 156348 and 86.
86
What is the highest common factor of 39 and 129402?
39
Calculate the highest common factor of 2697 and 174.
87
What is the highest common factor of 2936 and 5288?
8
Calculate the greatest common divisor of 266 and 5269593.
133
What is the highest common divisor of 5 and 395935?
5
What is the highest common divisor of 2567 and 93167?
151
What is the greatest common divisor of 20068 and 2784?
116
What is the highest common factor of 13986 and 16576?
518
Calculate the greatest common divisor of 22 and 308198.
22
What is the highest common factor of 5071 and 4149?
461
Calculate the highe